s) = s**3 - 8*s**2 + 21*s - 4. Let l be 8 + 4/8*(-1 + -1). What are the prime factors of a(l)?
2, 47
Suppose 0 = 389*s - 10 + 399. Let w = -2 + 1. List the prime factors of 226 - (s - w)/(-2).
2, 113
Suppose -6*g = -2*g + 3*n - 3, -4*n = 3*g + 3. Suppose 2*q + 2*r = 582, -5*r - 913 = g*q - 6*q. List the prime factors of q.
2, 37
Suppose -327*w = -323*w + 2124. Let n = w + 1019. What are the prime factors of n?
2, 61
Let j(m) = -m**3 - 11*m**2 - 14*m - 24. Let c be j(-10). Suppose c*p - 22*p = -1818. List the prime factors of p.
3, 101
Let a = 557 + 485. What are the prime factors of a?
2, 521
Suppose -12*u + 545982 - 209670 = 0. List the prime factors of u.
2, 3, 173
List the prime factors of ((-3994272)/270)/((4 + (-1 - 0))/(-10)).
2, 23, 67
Let i(t) = t + 16. Let x be i(-12). Suppose 39 = x*p - 213. Let r = -11 + p. List the prime factors of r.
2, 13
Suppose 15*m + 28*m + 7792002 = 497*m. List the prime factors of m.
3, 1907
Suppose -4*l + 5*s + 7 = 0, 4*l + 6*s - 4*s = 42. Let q = 101 - l. List the prime factors of q.
3, 31
Suppose 3*c + 4*v - 5*v - 44894 = 0, 74828 = 5*c + 3*v. What are the prime factors of c?
5, 41, 73
Let h = -7784 - -10793. List the prime factors of h.
3, 17, 59
Let k be 1/4*2*10. Suppose -v = p - k*v - 241, -2*v - 512 = -2*p. Suppose 5*h - p = -4*x, -h = h + 2*x - 104. List the prime factors of h.
53
Let c(g) = -643*g + 4093. What are the prime factors of c(-19)?
2, 5, 7, 233
Suppose -i + 10*i = 99. Let s = -11 + i. Suppose h + 2*j - 105 = s, -4*h - 83 = 2*j - 473. What are the prime factors of h?
5, 19
Suppose -10 = -s - 8. Suppose -w + 0*n + 4 = -5*n, s*n + 64 = 3*w. Suppose w*p - 130 = 19*p. What are the prime factors of p?
2, 13
Let u(r) = r**3 - 4*r**2 - 19*r + 30. Suppose 0 = -q + 3*t + 22, 4*q + 0*q + 4*t = 8. List the prime factors of u(q).
2, 11
Let q = -974 - -33918. What are the prime factors of q?
2, 29, 71
Suppose 216*n = 213*n - 4*b + 4060, 2*n - 5*b - 2676 = 0. What are the prime factors of n?
2, 337
Suppose -11561 = -o - 5*a, a + 18118 = 3*o - 16677. List the prime factors of o.
2, 13, 223
Let x be (-5 + (-28)/(-12))*-9. What are the prime factors of x/(-8) + 0 + (378 - 0)?
3, 5
Let b = -77 + 48. What are the prime factors of (b/58)/((-63)/62 + 1)?
31
Let q(a) = 2*a**3 - 7*a**2 - 6*a + 6. Let f be (4/(-10))/(-1) - (-168)/30. Let y be q(f). Suppose -h + 1 = 3, -2*n - 5*h + y = 0. List the prime factors of n.
2, 5
Suppose -6 = 5*m - 16. Let t(v) be the second derivative of 17*v**3/3 + 9*v**2/2 + 1214*v. What are the prime factors of t(m)?
7, 11
Let i(p) = -338*p + 1729. What are the prime factors of i(-23)?
13, 17, 43
Let z(k) = -2647*k - 7875. List the prime factors of z(-22).
50359
Suppose 6*o + 1274 = -7*o. Let x = o + 1367. What are the prime factors of x?
3, 47
Suppose -4*k - 104 = -3*m, -2*k = -3*m + 6*m - 74. Suppose -m = -28*c + 30*c. List the prime factors of (-35)/(3 + c/4).
2, 5, 7
Suppose -6*v + 35 = 341. List the prime factors of (-24333)/v + (-36)/306.
3, 53
Let z(v) = -5*v + 47. Let d be z(9). Suppose -3*s + 4 = -s + o, 2*s - 8 = -d*o. Suppose 2*f + s*f = 270. What are the prime factors of f?
3, 5
Let k(o) = 5 + o**2 + 0*o - o + 9*o - 34. Suppose -2*s + b = 20, -3*b = 2*s + 3*s + 72. List the prime factors of k(s).
19
Let s = -3020 + 7164. List the prime factors of s.
2, 7, 37
Let r(l) = 28*l + 0*l**2 + 3*l**2 - 93 + 82. List the prime factors of r(-21).
2, 181
Suppose 0 = -4*z - 7*z + 1111. Let b = -92 + z. Suppose 0 = -3*i - 3, b*s - 177 = 6*s + 3*i. List the prime factors of s.
2, 29
Let r = -234 - -430. Let p be ((-144)/(-66) - 2) + r/11. Suppose -t + p + 126 = 0. List the prime factors of t.
2, 3
Let k be ((-5)/2 - -3)*2. Let y(a) = -210*a + 14. Let o(x) = 208*x - 10. Let s(m) = 6*o(m) + 5*y(m). What are the prime factors of s(k)?
2, 13
Let x be -362 - ((-5)/(-3))/(5/(-15)). Let s = -285 - x. What are the prime factors of s?
2, 3
Let j = -6905 + 26171. What are the prime factors of j?
2, 3, 13, 19
Let w(d) = -6227*d - 8048. List the prime factors of w(-8).
2, 23, 227
Let z(k) = 64*k**2 + 27*k + 1115. What are the prime factors of z(-20)?
3, 5, 349
Suppose 2*h - 53 = -2*n + 773, 0 = -5*h + 5*n + 2105. List the prime factors of 4 + (h - (7 + 0)).
2, 3, 23
Let q be (-49)/(-2) - 5/(-10). Let g(i) = -7*i**2 - 19*i**2 + i**3 + 15 + 5*i**3 - 5*i**3 + 27*i. List the prime factors of g(q).
5, 13
Suppose -51*u - 37*u + 15*u + 2173283 = 0. List the prime factors of u.
7, 4253
Let g(p) = -579*p + 8. Let s be g(-2). Suppose -14*y + 794 + s = 0. List the prime factors of y.
2, 5, 7
Let n(u) = u**2 + 13*u + 43. Let m be n(-8). Let j be (-4 + (m - -2))*-2. List the prime factors of j/(-11) + 10880/55.
2, 3, 11
Let g be (7 + -17)/((-2)/(-2)). Let b(p) = -10*p - 3. Let a(o) = -15*o - 5. Let t(m) = -5*a(m) + 8*b(m). What are the prime factors of t(g)?
3, 17
Let y(x) = -12*x**2 - 35*x**3 - 15*x - 37*x**3 + 106*x**3 - 35*x**3 + 15. What are the prime factors of y(-11)?
59
Let l = -29 + 39. What are the prime factors of l/115 + (-63259)/(-161)?
3, 131
Suppose -5*g - 2627 = -3*c - 4*g, 4*c - 5*g - 3510 = 0. Suppose 3*r - 2*k = c, 297 = r + k + k. Suppose r = 4*o - 463. List the prime factors of o.
3, 7
Let s(l) = -103*l - 185. Suppose 0 = -3*u + u + v - 15, 2*u - 5*v + 11 = 0. List the prime factors of s(u).
3, 71
Suppose -2*h = -68 - 12. Suppose h*f = 64*f - 15576. What are the prime factors of f?
11, 59
Suppose t = -3*y + 19787, -74*y - 39578 = -2*t - 76*y. List the prime factors of t.
2, 5, 1979
Let p = 41 + -39. Suppose 2*r - 25*z = -21*z + 338, 3*r - p*z = 495. List the prime factors of r.
163
Let i(u) = 71*u**2 + 10*u + 51. Let g be i(-8). Suppose 0 = -5*r - 5*v + g, -2*r + 5*v - 3*v = -1826. What are the prime factors of r?
2, 227
Let a(z) = -z**2 - 2*z - 4. Suppose 2 - 2 = 10*x. Let g be a(x). What are the prime factors of (-13)/(-2) - 4/32*g?
7
Let m(v) = 2*v + 24. Let t be m(-14). Let r be 4/(112/148) - t/(-14). Suppose 2*f + f - 2*p - 248 = 0, 2*f + r*p - 178 = 0. What are the prime factors of f?
2, 3, 7
Suppose 77 = 20*s + 17. Suppose 0 = -p - 5*o + 160, -s*p - 12*o + 7*o + 510 = 0. List the prime factors of p.
5, 7
Suppose 14196*b = 14175*b + 456540. What are the prime factors of b?
2, 5, 1087
Let z = -2172 - -2176. Suppose 0 = -3*c, -4*c + 168 = 4*x - 3*c. What are the prime factors of 3/z*280/x?
5
Let r(g) be the first derivative of 894*g**2 + 40*g + 44. List the prime factors of r(1).
2, 457
Let z = -1034 - -2391. Let r = -678 + z. List the prime factors of r.
7, 97
Let l(d) = -5*d**2 - 15*d - 29. Let c(p) = -3*p**2 - 7*p - 15. Let t(x) = -7*c(x) + 4*l(x). Let v be t(12). What are the prime factors of 71 - (v + (2 - 2))?
2, 5, 7
Let t = 193 - 216. Let g(y) = y**2 + 9*y + 32. What are the prime factors of g(t)?
2, 3, 59
Suppose -346844 = -6*v + 62092. What are the prime factors of v?
2, 11, 1549
Suppose -62*b + 133156 + 85517 = 27*b. What are the prime factors of b?
3, 7, 13
What are the prime factors of 20 + -9 - (-166266)/18?
2, 17
Suppose 4*b + 12680 = 4*q, -2450 + 46800 = 14*q - 4*b. List the prime factors of q.
3167
Let b = 5347 + -754. What are the prime factors of b?
3, 1531
Let y = -80 - -82. Suppose 4*h + 2*m = y*h - 2, 2*m + 2 = h. What are the prime factors of (-2)/8*h + 175?
5, 7
Suppose 0 = -a - 2*t + 69160, 0 = 9*a - 6*a + 5*t - 207479. What are the prime factors of a?
2, 151, 229
Let a(z) = -z - 3. Let b be a(0). Suppose -6*f = -4690 + 4270. Let u = f + b. What are the prime factors of u?
67
Suppose 0 = 13*y - 25*y + 29856. Let z = 3676 - y. List the prime factors of z.
2, 3, 11
Suppose -4*f = -3*f + s - 2135, 4*f + 2*s = 8532. Let z = f - 1471. What are the prime factors of z?
2, 3, 5, 11
Let a(x) = 6*x - 5. Suppose 3*n = 5*r + 6, -3*n + 10 - 4 = 0. Suppose -4*s - 5*j + 25 = s, r = -3*s - 2*j + 16. What are the prime factors of a(s)?
31
Suppose -32 = -3*n + 4. Suppose t = -2*t + v + n, -t + v = -4. Suppose 4*r + 2*u = t*u + 160, 0 = r - u - 39. List the prime factors of r.
41
Let f = 27982 - 19321. List the prime factors of f.
3, 2887
Let g(d) be the second derivative of -d**4/12 + 31*d**3/6 - 6*d**2 + d + 9. What are the prime factors of g(14)?
2, 113
Let q(m) = 538*m + 8. Let o be q(2). Let s = o - 231. What are the prime factors of s?
853
Let g(k) = 3*k**2 - 13*k + 5. L